y 108.
105
Calculate the remainder when 769 is divided by 9.
4
What is the remainder when 436 is divided by 146?
144
What is the remainder when 2285 is divided by 11?
8
What is the remainder when 139 is divided by 51?
37
Calculate the remainder when 124 is divided by 58.
8
Calculate the remainder when 13281 is divided by 182.
177
What is the remainder when 4727 is divided by 10?
7
Calculate the remainder when 1609 is divided by 70.
69
Calculate the remainder when 509 is divided by 32.
29
Calculate the remainder when 30 is divided by 19.
11
What is the remainder when 112 is divided by 27?
4
What is the remainder when 243 is divided by 65?
48
Calculate the remainder when 33 is divided by 19.
14
Calculate the remainder when 39737 is divided by 10.
7
What is the remainder when 403 is divided by 17?
12
Calculate the remainder when 523 is divided by 172.
7
Calculate the remainder when 66 is divided by 7.
3
What is the remainder when 1986 is divided by 181?
176
Calculate the remainder when 1532 is divided by 19.
12
What is the remainder when 119 is divided by 42?
35
What is the remainder when 10377 is divided by 97?
95
What is the remainder when 83068 is divided by 117?
115
Calculate the remainder when 2587 is divided by 27.
22
What is the remainder when 11452 is divided by 138?
136
Calculate the remainder when 184 is divided by 37.
36
What is the remainder when 160 is divided by 31?
5
Calculate the remainder when 103 is divided by 29.
16
What is the remainder when 16 is divided by 9?
7
Calculate the remainder when 156 is divided by 14.
2
Calculate the remainder when 25 is divided by 6.
1
What is the remainder when 510 is divided by 88?
70
What is the remainder when 379 is divided by 64?
59
Calculate the remainder when 60 is divided by 18.
6
What is the remainder when 331 is divided by 26?
19
What is the remainder when 214 is divided by 44?
38
What is the remainder when 40 is divided by 14?
12
What is the remainder when 1251 is divided by 609?
33
Calculate the remainder when 107 is divided by 11.
8
Calculate the remainder when 10 is divided by 3.
1
Calculate the remainder when 38858 is divided by 145.
143
Calculate the remainder when 65 is divided by 27.
11
Calculate the remainder when 81 is divided by 47.
34
Calculate the remainder when 101 is divided by 45.
11
What is the remainder when 353 is divided by 53?
35
What is the remainder when 3946 is divided by 21?
19
Calculate the remainder when 414 is divided by 70.
64
What is the remainder when 13 is divided by 13?
0
What is the remainder when 149 is divided by 50?
49
What is the remainder when 3172 is divided by 139?
114
Calculate the remainder when 2289 is divided by 379.
15
Calculate the remainder when 2077 is divided by 33.
31
Calculate the remainder when 861 is divided by 18.
15
Calculate the remainder when 155 is divided by 27.
20
Calculate the remainder when 439 is divided by 91.
75
What is the remainder when 460 is divided by 24?
4
What is the remainder when 509 is divided by 167?
8
Calculate the remainder when 1557 is divided by 50.
7
Calculate the remainder when 907 is divided by 84.
67
What is the remainder when 180 is divided by 13?
11
What is the remainder when 40 is divided by 40?
0
Calculate the remainder when 147 is divided by 10.
7
Calculate the remainder when 733 is divided by 15.
13
What is the remainder when 431 is divided by 72?
71
Calculate the remainder when 221 is divided by 58.
47
Calculate the remainder when 1355 is divided by 4.
3
What is the remainder when 19930 is divided by 19?
18
Calculate the remainder when 105 is divided by 28.
21
Calculate the remainder when 509 is divided by 17.
16
What is the remainder when 86 is divided by 38?
10
What is the remainder when 227 is divided by 47?
39
Calculate the remainder when 9543 is divided by 115.
113
Calculate the remainder when 19093 is divided by 13.
9
Calculate the remainder when 393 is divided by 379.
14
What is the remainder when 43720 is divided by 63?
61
Calculate the remainder when 34 is divided by 25.
9
Calculate the remainder when 1835 is divided by 65.
15
Calculate the remainder when 178 is divided by 91.
87
What is the remainder when 371 is divided by 6?
5
Calculate the remainder when 82 is divided by 36.
10
Calculate the remainder when 743 is divided by 74.
3
What is the remainder when 22020 is divided by 8?
4
Calculate the remainder when 3254 is divided by 31.
30
Calculate the remainder when 876 is divided by 128.
108
What is the remainder when 894 is divided by 241?
171
Calculate the remainder when 19 is divided by 4.
3
Calculate the remainder when 100 is divided by 41.
18
What is the remainder when 246 is divided by 20?
6
Calculate the remainder when 2132 is divided by 7.
4
Calculate the remainder when 1103 is divided by 219.
8
What is the remainder when 185 is divided by 81?
23
What is the remainder when 267 is divided by 59?
31
Calculate the remainder when 5128 is divided by 427.
4
What is the remainder when 403 is divided by 81?
79
What is the remainder when 943 is divided by 59?
58
What is the remainder when 226 is divided by 108?
10
What is the remainder when 1473 is divided by 18?
15
What is the remainder when 12 is divided by 4?
0
What is the remainder when 1318 is divided by 97?
57
What is the remainder when 101 is divided by 11?
2
What is the remainder when 191 is divided by 24?
23
What is the remainder when 18 is divided by 3?
0
What is the remainder when 1166 is divided by 30?
26
Calculate the remainder when 356 is divided by 27.
5
What is the remainder when 569 is divided by 96?
89
What is the remainder when 107 is divided by 16?
11
What is the remainder when 302 is divided by 77?
71
Calculate the remainder when 77 is divided by 41.
36
What is the remainder when 1475 is divided by 147?
5
Calculate the remainder when 341 is divided by 49.
47
Calculate the remainder when 561 is divided by 112.
1
What is the remainder when 12471 is divided by 22?
19
What is the remainder when 4796 is divided by 9?
8
What is the remainder when 894 is divided by 23?
20
Calculate the remainder when 2625 is divided by 13.
12
What is the remainder when 23 is divided by 12?
11
Calculate the remainder when 2937 is divided by 21.
18
Calculate the remainder when 14 is divided by 8.
6
Calculate the remainder when 121 is divided by 61.
60
Calculate the remainder when 165 is divided by 27.
3
What is the remainder when 23 is divided by 13?
10
What is the remainder when 5357 is divided by 141?
140
What is the remainder when 184 is divided by 37?
36
What is the remainder when 170 is divided by 49?
23
Calculate the remainder when 75 is divided by 31.
13
What is the remainder when 159 is divided by 65?
29
What is the remainder when 1034 is divided by 127?
18
What is the remainder when 179 is divided by 65?
49
Calculate the remainder when 326 is divided by 36.
2
Calculate the remainder when 523 is divided by 37.
5
What is the remainder when 10840 is divided by 26?
24
What is the remainder when 613 is divided by 206?
201
Calculate the remainder when 268 is divided by 25.
18
What is the remainder when 1297 is divided by 186?
181
What is the remainder when 5185 is divided by 179?
173
Calculate the remainder when 281 is divided by 280.
1
What is the remainder when 26359 is divided by 98?
95
Calculate the remainder when 799 is divided by 30.
19
What is the remainder when 322 is divided by 97?
31
Calculate the remainder when 153 is divided by 72.
9
Calculate the remainder when 310 is divided by 35.
30
What is the remainder when 149 is divided by 27?
14
What is the remainder when 580 is divided by 53?
50
What is the remainder when 467 is divided by 27?
8
What is the remainder when 166 is divided by 42?
40
Calculate the remainder when 1119 is divided by 17.
14
What is the remainder when 582 is divided by 45?
42
What is the remainder when 838 is divided by 8?
6
Calculate the remainder when 1684 is divided by 281.
279
What is the remainder when 6265 is divided by 523?
512
Calculate the remainder when 160 is divided by 32.
0
Calculate the remainder when 990 is divided by 31.
29
Calculate the remainder when 89 is divided by 15.
14
What is the remainder when 4660 is divided by 53?
49
What is the remainder when 384 is divided by 379?
5
What is th